hat is (-1 - -23 - (-248 - -256)) + (3 - 0)?
17
Evaluate 42 + ((0 - -5) + -11 - (1 - 1)).
36
What is the value of (-17 - -16) + 29 + 1 - (78 - 74)?
25
67 + -114 + 17 + 0 + 5
-25
Evaluate 5 + (-1 - (-5 + (-7 - -16))).
0
What is 1 + -3 + -14 + (-2 - 8) + -3?
-29
Evaluate -29 + -10 + (41 - 15).
-13
-1 + (8 - -1) - (-18 + -5 + 25)
6
What is -3 - (-8 - (-7 - (-5 + 4 - 7)))?
6
What is the value of (3 - (12 + -1)) + -11 + 16 + 13?
10
What is the value of 23 - (15 + 22 + -16)?
2
Calculate -18 + (-4 - (-20 + 9)).
-11
Evaluate 11 + -4 + (-4 + (1 - -5) - 24).
-15
Evaluate 6 + 6 - (37 - (13 + 3 - 7)).
-16
Calculate 104 + -87 + -7 + 2 + 1.
13
Calculate 286 - 293 - (0 + 0 - 6).
-1
Calculate -2 + -7 + 13 + -1 + 3.
6
Calculate 5 + 8 + 8 + (-23 - 9).
-11
What is the value of (-3 - (1 - 8)) + -10 - -17?
11
Evaluate 13 - 9 - (12 + -10).
2
704 + -703 + 1 + 0
2
Calculate -6 + (10 + -21 - (-11 + -4)) + 2.
0
Calculate 17 - (10 + 3 + -4 + -4).
12
2 - 26 - -33 - (-1 + 14)
-4
What is -1 + -1 - (-127 - -97)?
28
What is (-4 + 1 - (6 - 1)) + (-7 - -8)?
-7
Evaluate -22 + 5 + 34 - (-2 + -3).
22
Evaluate (-4 - -1 - 14) + -60 + 69.
-8
Evaluate -6 - -41 - (-35 - -92).
-22
What is 13 - 23 - (-4 - (9 + 5))?
8
What is the value of (10 - 6) + 4 + (-2 - 1) + 7?
12
(4 - (5 + -19)) + (158 - 148)
28
What is the value of 7 + -16 + -12 + 22?
1
What is the value of -66 + 16 + 12 + 12?
-26
(3 - (2 - -5)) + 17
13
What is 6 + (6 - 6) + (5 - 8)?
3
What is the value of 4 + -17 - (1 + (-7 - -1))?
-8
Evaluate 3 + -21 + 0 + (-36 - -46).
-8
Calculate -4 + (6 + 12 - -4).
18
What is 1 + (1 - 7 - (-15 - -10))?
0
What is the value of -5 - (-13 - (3 + -5))?
6
Calculate 17 - (13 + -17 + 42).
-21
-16 + ((-73 - -37) + 26 - (-8 - 1))
-17
What is 4 - ((5 - (-9 - -4)) + 14)?
-20
What is the value of -4 - -7 - 1 - (15 - (-3 - -21))?
5
Calculate -68 - -50 - (-2 + 7 - 14).
-9
What is the value of 0 + 8 + (-25 - -14 - 8)?
-11
What is (4 - -2) + 1 + 397 + -408?
-4
Evaluate -6 + 2 + 5 + (-5 - 1).
-5
Calculate 10 - (-37 - ((-2 - -3) + -12)).
36
What is 3 - ((4 - -14) + (-7 - -3 - -2))?
-13
What is 33 - (-4 + 4 + 5) - 9?
19
-12 - (0 - (-4 + 1)) - -6
-9
Evaluate (2 - (-25 + 4)) + (3 - 14).
12
(-9 - -21) + 1 - -10 - 14
9
Evaluate -8 + (-9 - -13) + 5.
1
Evaluate (-17 - -1) + 28 - 16.
-4
(-5 - -3) + 1 - -8
7
Calculate -29 + 34 - (2 + 10) - 1.
-8
Calculate -5 + -3 - (-1 - -13 - 14).
-6
46 + (-27 - 7) - (-9 + 0)
21
What is -2 + 2 + 3 + 1 + 10 + -3?
11
What is 0 + 6 + -1 + (8 - (-7 + 21))?
-1
What is the value of 1 + -7 + (13 - 13) + -2 + 0?
-8
Calculate 26 - (22 - -5 - 23).
22
11 + 0 + -17 + 25 + 6 + -2
23
Evaluate 8 + -4 + (4 - 1) + -19 + 13.
1
Calculate -4 + -14 - (-17 + -16).
15
Evaluate (5 - 10 - (-7 + 1)) + -8.
-7
4 - -2 - -5 - (-8 - 13)
32
Calculate 21 + 1 - (181 + -172).
13
What is 1 + -21 + (-65 - -66) - -30?
11
What is -14 + 2 - ((-28 - -8) + 18)?
-10
Calculate -7 + 7 + -6 + 7 + -13 + -18.
-30
Calculate 0 + 0 + 2 - (-15 + -4 + 7).
14
What is the value of -53 - -64 - -4 - (-1 + 1)?
15
11 + 0 - (-6 - (-5 + 6) - -6)
12
Calculate 0 - (-3 + 7 + 6) - (61 - 78).
7
Evaluate 3 + 13 + 6 + 6.
28
Calculate 52 - 57 - (-3 - (10 - -4)).
12
What is -364 - -390 - (-3 - -54)?
-25
Calculate 1 - 3 - 2 - (-54 + 60).
-10
5 - (2 - (0 + 13 + 72 + -68))
20
What is the value of 0 + 10 + -2 + 0 + -25?
-17
Calculate -7 + 4 - (-4 - (-18 + 7)) - -43.
33
What is (16 - 25) + 0 + -1 + (-3 - -10)?
-3
Calculate 44 + -14 + -37 + 5 + -6.
-8
What is 22 - (25 - 14) - 5?
6
Calculate -28 - ((-7 - 12) + 7 - -7).
-23
What is (2 - -18) + -36 + 10?
-6
-2 - (4 - -2) - -20
12
What is the value of -11 - -20 - (17 + 3 + -3)?
-8
Evaluate 582 + -606 + (2 + 1 - (2 + -1)).
-22
Evaluate 4 + (-332 + 315 - (6 - (-1 - -1))).
-19
(-41 - 0) + 47 + -11
-5
Calculate (7 - (-11 + 17)) + 39 - 8.
32
2 + (25 + -10 + -18 - (3 + -1))
-3
What is (-17 + 32 - 8 - 5) + (0 - 17)?
-15
(4 - (11 + -2) - -1) + (1 - -5)
2
Calculate -2 + -7 + -29 + 33.
-5
Calculate 4 + 12 + 13 + -43.
-14
What is 3 - (29 + (-4 - 12))?
-10
Calculate 3 - 26 - ((0 - -2) + 3 + -12).
-16
Calculate -94 + 104 - (-4 - (-11 - 4)).
-1
What is the value of (-9 - (13 + -5)) + 11 + (-2 - 1)?
-9
Evaluate -5 - (-4 + 8 + -12 + 5).
-2
2 + -1 + (11 - 4) - 13
-5
(66 - 47) + 1 + 0 + -3
17
Calculate -27 - (1 + -9) - -27.
8
Evaluate -8 - (-7 - (-9 + (5 - 10) - -9)).
-6
Evaluate 0 + (26 - 26) + -1 + -1.
-2
Calculate 16 + (-19 + 13 - -4).
14
1 - (1 - 8) - (44 - 73 - -25)
12
(-4 - -5) + -65 + 64 + (-31 - 0)
-31
6 - (12 + 1 - -4)
-11
What is -1 + 18 - (27 + -22)?
12
What is -19 - (3 + -4 - 14)?
-4
Calculate (24 - (-4 + 1)) + -9 + 4.
22
Calculate 7 - (-1 + -4 + -2 + 16).
-2
-9 + (-1 - -12) + 5 + 6
13
What is the value of (-6 + (12 - -4) - 17) + 6 + 16?
15
(-4 - ((-1 - -7) + -10)) + -7
-7
Calculate (2 + 1 - 24) + 84 + -89.
-26
What is the value of 3 + -25 + (7 - (-4 - -6)) - -1?
-16
Calculate (0 - 1) + 1 - (-5 - -12).
-7
What is -15 - -8 - (-3 + (17 - 9))?
-12
-9 + (19 - 6 - 11 - -9) + 0
2
What is -5 + 1 + -16 + -1 + 41?
20
Evaluate -8 + (5 - (-2 - -5)) - (24 + -23).
-7
Evaluate (-5 - -2) + 4 - (24 + -31).
8
What is 7 + -6 + (5 - 7) + (-2 - -2)?
-1
2 + 0 - (-9 + 0 + 15)
-4
22 - (-24 - (-6 + -21))
19
What is the value of -25 + 11 + (1 - 6) + 22?
3
Evaluate (-1 - 6) + (-24 - -41).
10
-12 - -20 - (7 - (23 + -3))
21
Evaluate -27 + (-36 - -71) - (1 + 1).
6
Evaluate -2 + 7 + (-72 + 37 - -27).
-3
What is (-178 - -184) + 5 + 4 + -1?
14
What is (5 - 2) + -7 - (10 + -11)?
-3
106 - 115 - (-10 - 2)
3
Evaluate (12 + 5 + -6 - 6) + (1 - 5).
1
Calculate (-251 - -253) + 12 + 0.
14
Calculate (-4 - (-35 + 2)) + 2 - (258 - 248).
21
0 + (12 - 10) - (-5 - -21)
-14
What is 6 + -2 + -10 + 18?
12
Evaluate 20 + 3 - (232 + -245).
36
What is the value of (-27 + 8 - (-7 - -1)) + -17?
-30
What is -23 + (2 - -24 - -2)?
5
What is -8 + (9 - (8 + 2))?
-9
What is the value of (-16 - 0) + 124 + -113?
-5
(7 - (7 + 4)) + (-1 - -5) - -3
3
What is -18 + (11 + 4 - 8) + -15?
-26
(-19 - (-5 + -8)) + 16
10
What is (-11 - -1) + 35 + -25?
0
Calculate -1 + -29 + (-64 - -99).
5
36 + -7 + -13 + (13 - 3) + 5
31
What is -23 - (14 + -35 + 14)?
-16
42 - (-4 + 10) - 4
32
Evaluate 5 - ((7 - 10) + 5 + (-4 - 2)).
9
What is the value of 13 + -9 + 14 + -6?
12
8 + (7 - 3) + -18 + 4
-2
Calculate (53 - 48) + -14 + -1 + 9.
-1
What is the value of (-19 - 14) + (1 - (1 - 7))?
-26
Calculate -14 + 6 + -9 + 9 + 18.
10
What is -22 + 35 + 8 + -33 + 1 + -17?
-28
What is the value of (6 - (-2 + (-1 + 5 - -5))) + -14?
-15
Evaluate 1 - (1 - 4 - -3) - (112 - 116).
5
What is the value of -12 - (-22 + 17) - (21 + -1 + 6)?
-33
-31 + (22 - (53 - 30)) + 2 + 0
-30
Evaluate 38 - 69 - ((3 - -6) + -25).
-15
(23 + -15 - 3) + (0 - 15) - -31
21
What is 35 - (1 + 0 + 4) - 11?
19
What is (15 - 11 - (7 + 0)) + (5 - 17)?
-15
10 + -8 + -6 + 6 - 19
-17
Evaluate (12 - (13 - 30)) + -12.
17
Evaluate (-15 - -31) + -22 - (8 + 1).
-15
Calculate -1 - -2 - 16 - (-219 - -212) - 0.
-8
Calculate 0 + -9 + 22 + 10.
23
Calculate 19 + -7 + -31 - -19.
0
15 - (-210 + 193 - (-2 - 0))
30
Evaluate (-24 - 1) + (16 - 11 - 10) + -7.
-37
Calculate (8 - (5 + -14 - -9)) + -2.
6
What is 13 - (3 - -56) - -25?
-21
What is (8 - 3) + (9 + 5 - 6 - -12)?
25
What is the value of 3 + (-1 - -1) + (7 - (27 + -14))?
-3
Calculate (-352 - -355) + (5 - 0).
8
What is -13 - (-14 - -6 - -11)?
-16
-12 + 13 + 13 + -12
2
What is the value of 42 + -43 - (-13 + 21)?
-9
Evaluate (0 - -3 - (14 - -11 - 26)) + 6.
10
Calculate (37 - (-28 + 14 + 13)) + -6.
32
What is the value of 3 + 8 + -26 - (-8 + 4)?
-11
What is the value of (-1 - -3) + 9 - (51 - 19)?
-21
Evaluate -15 - 4 - (148 - 158).
-9
Evaluate -18 + (53 - 9) + -21.
5
Calculate 1 - (8 - -15) - 2.
-24
What is -3 + (-40 - -46) - ((2 - 3) + 24)?
-20
What is the value of (19 + -17 - (13 - 2)) + 0 - -6?
-3
What is the value of (-6 - (11 - -2)) + (7 - (6 - 5))?
-13
What is the value of (9 - (-3 + 6)) + 2 + -18?
-10
Evaluate 13 + -1 - (-27 + 3 - -8).
28
Calculate -18 - (5 + 2) - -15.
-10
-1 + 9 - (13 + -15 + -4)
14
What is (9 - 3) + 2 + 8 + -1?
15
6 - (-8 - (-9 - (2 + -3))) - 28
-22
What is (-39 - -26) + (0 - -11) + 0?
-2
Evaluate (-2 + -11 + 15 - -7) + 10.
19
(-11 - -13) + -17 + 13 + 0
-2
Calculate -8 + 5 - (0 + (29 - 12)).
-20
What is 24 - ((13 - -13) + -20 - -10)?
8
What is -12 + (0 - -19) - (4 - (-23 + 4))?
-16
-28 + 22 